{"id":2,"date":"2016-05-12T18:56:29","date_gmt":"2016-05-12T16:56:29","guid":{"rendered":"http:\/\/raymond7.fr\/pages\/?page_id=2"},"modified":"2024-07-04T18:08:23","modified_gmt":"2024-07-04T16:08:23","slug":"chambres","status":"publish","type":"page","link":"https:\/\/raymond7.fr\/pages\/chambres\/","title":{"rendered":"Chambres &#038; Services"},"content":{"rendered":"<h1>HOTEL RAYMOND VII<\/h1>\n<p><img decoding=\"async\" style=\"float: right; height: 274px; width: 500px;\" src=\"http:\/\/raymond7.fr\/assets\/img\/chambre\/hotel-cordes-sur-ciel-1.jpg\" alt=\"Cordes sur ciel\" \/><\/p>\n<p>L\u2019H\u00f4tel vous propose une situation au calme, avec belle vue sur la vall\u00e9e de cordes sur ciel pour 5 chambres, et 2 suites donnant sur le patio.<\/p>\n<h3>CHAMBRES, EQUIPEMENTS ET SERVICES<\/h3>\n<p>Toutes nos chambres sont munies d\u2019une salle de bains avec douche ou baignoire, de toilettes et de t\u00e9l\u00e9vision. Deux chambres sont \u00e9quip\u00e9es de 2 grands lits.<\/p>\n<p>Une chambre parentale propose un grand lit, un petit lit et un lit b\u00e9b\u00e9 ; une salle de bain avec douche et des toilettes s\u00e9par\u00e9es.<\/p>\n<p>L\u2019autre suite dispose d\u2019un espace salon et d\u2019une chambre avec un grand lit ; une salle de bain avec douche et toilettes.<\/p>\n<p><strong>Attention<\/strong> : Hotel peu adapt\u00e9 aux personnes \u00e0 mobilit\u00e9 r\u00e9duite.<\/p>\n<h3>PETIT-D\u00c9JEUNER<\/h3>\n<p>L\u2019H\u00f4tel vous propose un petit-d\u00e9jeuner gourmand. Boissons chaudes, jus de fruits, fruits, c\u00e9r\u00e9ales, viennoiseries et diff\u00e9rents pains.<\/p>\n<table style=\"width: 100%;\">\n<thead style=\"background: #6E5F7C; color: #ffffff;\">\n<tr>\n<td>Cat\u00e9gorie de chambre<\/td>\n<td>Tarifs<\/td>\n<td width=\"160px\"><\/td>\n<\/tr>\n<\/thead>\n<tbody>\n<tr style=\"background: #FFFFFF;\">\n<td>Chambre double<\/td>\n<td>90 euros<\/td>\n<td><!-- d\u00e9but ke-booking --><\/p>\n<div id=\"keb-but-frame260\"><script src=\"https:\/\/widgets.ke-booking.com\/fr\/owner\/site\/widget\/but\/unit\/js\/Pea8f99a3c64a7c9bd0285fbf\/U80249921\/260\/U\/ke-booking.js\" type=\"text\/javascript\"><\/script><\/div>\n<p><!-- fin ke-booking --><\/td>\n<\/tr>\n<tr>\n<td>Chambre double sup\u00e9rieur<\/td>\n<td>95 euros<\/td>\n<td><!-- d\u00e9but ke-booking --><\/p>\n<div id=\"keb-but-frame777\"><script src=\"https:\/\/widgets.ke-booking.com\/fr\/owner\/site\/widget\/but\/unit\/js\/Pea8f99a3c64a7c9bd0285fbf\/U80249922\/777\/U\/ke-booking.js\" type=\"text\/javascript\"><\/script><\/div>\n<p><!-- fin ke-booking --><\/td>\n<\/tr>\n<tr style=\"background: #FFFFFF;\">\n<td>Chambre quadruple<\/td>\n<td>120 euros<\/td>\n<td><!-- d\u00e9but ke-booking --><\/p>\n<div id=\"keb-but-frame771\"><script src=\"https:\/\/widgets.ke-booking.com\/fr\/owner\/site\/widget\/but\/unit\/js\/Pea8f99a3c64a7c9bd0285fbf\/U80249923\/771\/U\/ke-booking.js\" type=\"text\/javascript\"><\/script><\/div>\n<p><!-- fin ke-booking --><\/td>\n<\/tr>\n<tr>\n<td>Chambre quadruple sup\u00e9rieur<\/td>\n<td>120 euros<\/td>\n<td><!-- d\u00e9but ke-booking --><\/p>\n<div id=\"keb-but-frame764\"><script src=\"https:\/\/widgets.ke-booking.com\/fr\/owner\/site\/widget\/but\/unit\/js\/Pea8f99a3c64a7c9bd0285fbf\/U80249924\/764\/U\/ke-booking.js\" type=\"text\/javascript\"><\/script><\/div>\n<p><!-- fin ke-booking --><\/td>\n<\/tr>\n<tr style=\"background: #FFFFFF;\">\n<td>Chambre sup\u00e9rieur confort<\/td>\n<td>110 euros<\/td>\n<td><!-- d\u00e9but ke-booking --><\/p>\n<div id=\"keb-but-frame633\"><script src=\"https:\/\/widgets.ke-booking.com\/fr\/owner\/site\/widget\/but\/unit\/js\/Pea8f99a3c64a7c9bd0285fbf\/U80249925\/633\/U\/ke-booking.js\" type=\"text\/javascript\"><\/script><\/div>\n<p><!-- fin ke-booking --><\/td>\n<\/tr>\n<tr>\n<td>Suite familliale<\/td>\n<td>95 euros<\/td>\n<td><!-- d\u00e9but ke-booking --><\/p>\n<div id=\"keb-but-frame380\"><script src=\"https:\/\/widgets.ke-booking.com\/fr\/owner\/site\/widget\/but\/unit\/js\/Pea8f99a3c64a7c9bd0285fbf\/U80249926\/380\/U\/ke-booking.js\" type=\"text\/javascript\"><\/script><\/div>\n<p><!-- fin ke-booking --><\/td>\n<\/tr>\n<tr style=\"background: #FFFFFF;\">\n<td>Suite<\/td>\n<td>110 euros<\/td>\n<td><!-- d\u00e9but ke-booking --><\/p>\n<div id=\"keb-but-frame165\"><script src=\"https:\/\/widgets.ke-booking.com\/fr\/owner\/site\/widget\/but\/unit\/js\/Pea8f99a3c64a7c9bd0285fbf\/U80249927\/165\/U\/ke-booking.js\" type=\"text\/javascript\"><\/script><\/div>\n<p><!-- fin ke-booking --><\/td>\n<\/tr>\n<tr>\n<td>Petit-d\u00e9jeuner<\/td>\n<td>10 euros<\/td>\n<td><\/td>\n<\/tr>\n<tr style=\"background: #FFFFFF;\">\n<td>Lit b\u00e9b\u00e9<\/td>\n<td>offert<\/td>\n<td><\/td>\n<\/tr>\n<tr>\n<td>Suppl\u00e9ment animal<\/td>\n<td>10 euros<\/td>\n<td><\/td>\n<\/tr>\n<\/tbody>\n<\/table>\n<h3 style=\"text-align: center;\">Taxe de S\u00e9jour : 0,80 \u20ac par personne \/ nuit\u00e9e<\/h3>\n<table style=\"width: 100%;\" border=\"1\" cellspacing=\"1\" cellpadding=\"1\" align=\"center\">\n<tbody>\n<tr>\n<td style=\"text-align: center; vertical-align: middle;\"><img decoding=\"async\" style=\"width: 312px; height: 171px;\" src=\"http:\/\/raymond7.fr\/assets\/img\/chambre\/chambre-1-double.jpg\" alt=\"hotel Chambres cordes-sur-ciel\" \/><\/td>\n<td style=\"text-align: center; vertical-align: middle;\"><img decoding=\"async\" style=\"height: 171px; width: 312px;\" src=\"http:\/\/raymond7.fr\/assets\/img\/chambre\/chambre-2-sup\u00e9rieur\" alt=\"\" \/><\/td>\n<td style=\"text-align: center; vertical-align: middle;\"><img decoding=\"async\" style=\"width: 312px; height: 171px;\" src=\"http:\/\/raymond7.fr\/assets\/img\/chambre\/chambre-3-quadruble.jpg\" alt=\"hotel Chambres cordes-sur-ciel\" \/><\/td>\n<\/tr>\n<tr>\n<td style=\"text-align: center; vertical-align: middle;\"><img decoding=\"async\" style=\"width: 312px; height: 171px;\" src=\"http:\/\/raymond7.fr\/assets\/img\/chambre\/chambre-4-quadruble confort.jpg\" alt=\"hotel Chambres cordes-sur-ciel\" \/><\/td>\n<td style=\"text-align: center; vertical-align: middle;\"><img decoding=\"async\" style=\"width: 312px; height: 171px;\" src=\"http:\/\/raymond7.fr\/assets\/img\/chambre\/chambre-6-sup\u00e9rieur confort.jpg\" alt=\"hotel Chambres cordes-sur-ciel\" \/><\/td>\n<td style=\"text-align: center; vertical-align: middle;\"><img decoding=\"async\" style=\"width: 312px; height: 171px;\" src=\"http:\/\/raymond7.fr\/assets\/img\/chambre\/chambre-7-familial.jpg\" alt=\"hotel Chambres cordes-sur-ciel\" \/><\/td>\n<\/tr>\n<tr>\n<td style=\"text-align: center; vertical-align: middle;\"><img decoding=\"async\" style=\"height: 171px; width: 312px;\" src=\"http:\/\/raymond7.fr\/assets\/img\/chambre\/hotel-cordes-sur-ciel-13.jpg\" alt=\"hotel Chambres cordes-sur-ciel\" \/><\/td>\n<td style=\"text-align: center; vertical-align: middle;\"><img decoding=\"async\" style=\"height: 171px; width: 312px;\" src=\"http:\/\/raymond7.fr\/assets\/img\/chambre\/hotel-cordes-sur-ciel-12.jpg\" alt=\"hotel Chambres cordes-sur-ciel\" \/><\/td>\n<td style=\"text-align: center; vertical-align: middle;\"><img decoding=\"async\" style=\"height: 171px; width: 312px;\" src=\"http:\/\/raymond7.fr\/assets\/img\/chambre\/hotel-cordes-sur-ciel-6.jpg\" alt=\"hotel Chambres cordes-sur-ciel\" \/><\/td>\n<\/tr>\n<\/tbody>\n<\/table>\n","protected":false},"excerpt":{"rendered":"<p>HOTEL RAYMOND VII L\u2019H\u00f4tel vous propose une situation au calme, avec belle vue sur la vall\u00e9e de cordes sur ciel pour 5 chambres, et 2 suites donnant sur le patio. CHAMBRES, EQUIPEMENTS ET SERVICES Toutes nos chambres sont munies d\u2019une salle de bains avec douche ou baignoire, de toilettes et de t\u00e9l\u00e9vision. Deux chambres sont \u00e9quip\u00e9es de 2 grands lits. Une chambre parentale propose un grand lit, un petit lit et un lit b\u00e9b\u00e9 ; une salle de bain avec douche et des toilettes s\u00e9par\u00e9es. L\u2019autre suite dispose d\u2019un espace salon et d\u2019une chambre avec un grand lit ; une<\/p>\n<a class=\"more-link\" rel=\"nofollow\" href=\"https:\/\/raymond7.fr\/pages\/chambres\/\">[Voir plus...]<\/a>","protected":false},"author":1,"featured_media":0,"parent":0,"menu_order":1,"comment_status":"closed","ping_status":"closed","template":"template\/raymond-vii.php","meta":[],"yoast_head":"<!-- This site is optimized with the Yoast SEO plugin v19.14 - https:\/\/yoast.com\/wordpress\/plugins\/seo\/ -->\n<title>Chambres &amp; Services - H\u00f4tel Raymond VII<\/title>\n<meta name=\"description\" content=\"L\u2019H\u00f4tel vous propose une situation au calme, avec belle vue sur la vall\u00e9e de cordes sur ciel pour 6 chambres, et 2 suites donnant sur le patio.\" \/>\n<meta name=\"robots\" content=\"index, follow, max-snippet:-1, max-image-preview:large, max-video-preview:-1\" \/>\n<link rel=\"canonical\" href=\"https:\/\/raymond7.fr\/pages\/chambres\/\" \/>\n<meta property=\"og:locale\" content=\"fr_FR\" \/>\n<meta property=\"og:type\" content=\"article\" \/>\n<meta property=\"og:title\" content=\"Chambres &amp; Services - H\u00f4tel Raymond VII\" \/>\n<meta property=\"og:description\" content=\"L\u2019H\u00f4tel vous propose une situation au calme, avec belle vue sur la vall\u00e9e de cordes sur ciel pour 6 chambres, et 2 suites donnant sur le patio.\" \/>\n<meta property=\"og:url\" content=\"https:\/\/raymond7.fr\/pages\/chambres\/\" \/>\n<meta property=\"og:site_name\" content=\"H\u00f4tel Raymond VII\" \/>\n<meta property=\"article:modified_time\" content=\"2024-07-04T16:08:23+00:00\" \/>\n<meta property=\"og:image\" content=\"http:\/\/raymond7.fr\/assets\/img\/chambre\/hotel-cordes-sur-ciel-1.jpg\" \/>\n<meta name=\"twitter:card\" content=\"summary_large_image\" \/>\n<meta name=\"twitter:label1\" content=\"Dur\u00e9e de lecture estim\u00e9e\" \/>\n\t<meta name=\"twitter:data1\" content=\"3 minutes\" \/>\n<script type=\"application\/ld+json\" class=\"yoast-schema-graph\">{\"@context\":\"https:\/\/schema.org\",\"@graph\":[{\"@type\":\"WebPage\",\"@id\":\"https:\/\/raymond7.fr\/pages\/chambres\/\",\"url\":\"https:\/\/raymond7.fr\/pages\/chambres\/\",\"name\":\"Chambres & Services - H\u00f4tel Raymond VII\",\"isPartOf\":{\"@id\":\"https:\/\/raymond7.fr\/pages\/#website\"},\"datePublished\":\"2016-05-12T16:56:29+00:00\",\"dateModified\":\"2024-07-04T16:08:23+00:00\",\"description\":\"L\u2019H\u00f4tel vous propose une situation au calme, avec belle vue sur la vall\u00e9e de cordes sur ciel pour 6 chambres, et 2 suites donnant sur le patio.\",\"breadcrumb\":{\"@id\":\"https:\/\/raymond7.fr\/pages\/chambres\/#breadcrumb\"},\"inLanguage\":\"fr-FR\",\"potentialAction\":[{\"@type\":\"ReadAction\",\"target\":[\"https:\/\/raymond7.fr\/pages\/chambres\/\"]}]},{\"@type\":\"BreadcrumbList\",\"@id\":\"https:\/\/raymond7.fr\/pages\/chambres\/#breadcrumb\",\"itemListElement\":[{\"@type\":\"ListItem\",\"position\":1,\"name\":\"Accueil\",\"item\":\"https:\/\/raymond7.fr\/pages\/\"},{\"@type\":\"ListItem\",\"position\":2,\"name\":\"Chambres &#038; Services\"}]},{\"@type\":\"WebSite\",\"@id\":\"https:\/\/raymond7.fr\/pages\/#website\",\"url\":\"https:\/\/raymond7.fr\/pages\/\",\"name\":\"H\u00f4tel Raymond VII\",\"description\":\"UN HOTEL DE CARACTERE\",\"potentialAction\":[{\"@type\":\"SearchAction\",\"target\":{\"@type\":\"EntryPoint\",\"urlTemplate\":\"https:\/\/raymond7.fr\/pages\/?s={search_term_string}\"},\"query-input\":\"required name=search_term_string\"}],\"inLanguage\":\"fr-FR\"}]}<\/script>\n<!-- \/ Yoast SEO plugin. -->","yoast_head_json":{"title":"Chambres & Services - H\u00f4tel Raymond VII","description":"L\u2019H\u00f4tel vous propose une situation au calme, avec belle vue sur la vall\u00e9e de cordes sur ciel pour 6 chambres, et 2 suites donnant sur le patio.","robots":{"index":"index","follow":"follow","max-snippet":"max-snippet:-1","max-image-preview":"max-image-preview:large","max-video-preview":"max-video-preview:-1"},"canonical":"https:\/\/raymond7.fr\/pages\/chambres\/","og_locale":"fr_FR","og_type":"article","og_title":"Chambres & Services - H\u00f4tel Raymond VII","og_description":"L\u2019H\u00f4tel vous propose une situation au calme, avec belle vue sur la vall\u00e9e de cordes sur ciel pour 6 chambres, et 2 suites donnant sur le patio.","og_url":"https:\/\/raymond7.fr\/pages\/chambres\/","og_site_name":"H\u00f4tel Raymond VII","article_modified_time":"2024-07-04T16:08:23+00:00","og_image":[{"url":"http:\/\/raymond7.fr\/assets\/img\/chambre\/hotel-cordes-sur-ciel-1.jpg"}],"twitter_card":"summary_large_image","twitter_misc":{"Dur\u00e9e de lecture estim\u00e9e":"3 minutes"},"schema":{"@context":"https:\/\/schema.org","@graph":[{"@type":"WebPage","@id":"https:\/\/raymond7.fr\/pages\/chambres\/","url":"https:\/\/raymond7.fr\/pages\/chambres\/","name":"Chambres & Services - H\u00f4tel Raymond VII","isPartOf":{"@id":"https:\/\/raymond7.fr\/pages\/#website"},"datePublished":"2016-05-12T16:56:29+00:00","dateModified":"2024-07-04T16:08:23+00:00","description":"L\u2019H\u00f4tel vous propose une situation au calme, avec belle vue sur la vall\u00e9e de cordes sur ciel pour 6 chambres, et 2 suites donnant sur le patio.","breadcrumb":{"@id":"https:\/\/raymond7.fr\/pages\/chambres\/#breadcrumb"},"inLanguage":"fr-FR","potentialAction":[{"@type":"ReadAction","target":["https:\/\/raymond7.fr\/pages\/chambres\/"]}]},{"@type":"BreadcrumbList","@id":"https:\/\/raymond7.fr\/pages\/chambres\/#breadcrumb","itemListElement":[{"@type":"ListItem","position":1,"name":"Accueil","item":"https:\/\/raymond7.fr\/pages\/"},{"@type":"ListItem","position":2,"name":"Chambres &#038; Services"}]},{"@type":"WebSite","@id":"https:\/\/raymond7.fr\/pages\/#website","url":"https:\/\/raymond7.fr\/pages\/","name":"H\u00f4tel Raymond VII","description":"UN HOTEL DE CARACTERE","potentialAction":[{"@type":"SearchAction","target":{"@type":"EntryPoint","urlTemplate":"https:\/\/raymond7.fr\/pages\/?s={search_term_string}"},"query-input":"required name=search_term_string"}],"inLanguage":"fr-FR"}]}},"_links":{"self":[{"href":"https:\/\/raymond7.fr\/pages\/wp-json\/wp\/v2\/pages\/2"}],"collection":[{"href":"https:\/\/raymond7.fr\/pages\/wp-json\/wp\/v2\/pages"}],"about":[{"href":"https:\/\/raymond7.fr\/pages\/wp-json\/wp\/v2\/types\/page"}],"author":[{"embeddable":true,"href":"https:\/\/raymond7.fr\/pages\/wp-json\/wp\/v2\/users\/1"}],"replies":[{"embeddable":true,"href":"https:\/\/raymond7.fr\/pages\/wp-json\/wp\/v2\/comments?post=2"}],"version-history":[{"count":27,"href":"https:\/\/raymond7.fr\/pages\/wp-json\/wp\/v2\/pages\/2\/revisions"}],"predecessor-version":[{"id":217,"href":"https:\/\/raymond7.fr\/pages\/wp-json\/wp\/v2\/pages\/2\/revisions\/217"}],"wp:attachment":[{"href":"https:\/\/raymond7.fr\/pages\/wp-json\/wp\/v2\/media?parent=2"}],"curies":[{"name":"wp","href":"https:\/\/api.w.org\/{rel}","templated":true}]}}